{"id":29,"date":"2024-09-24T09:06:14","date_gmt":"2024-09-24T09:06:14","guid":{"rendered":"https:\/\/trobadesanimadorsdecant.cat\/cant\/?page_id=29"},"modified":"2025-05-06T22:19:09","modified_gmt":"2025-05-06T22:19:09","slug":"qui-som","status":"publish","type":"page","link":"https:\/\/trobadesanimadorsdecant.cat\/cant\/index.php\/qui-som\/","title":{"rendered":""},"content":{"rendered":"\n<div class=\"wp-block-cover alignfull\"><img fetchpriority=\"high\" decoding=\"async\" width=\"1920\" height=\"864\" class=\"wp-block-cover__image-background wp-image-248\" alt=\"\" src=\"https:\/\/trobadesanimadorsdecant.cat\/cant\/wp-content\/uploads\/2024\/12\/monasterio.avif\" data-object-fit=\"cover\"\/><span aria-hidden=\"true\" class=\"wp-block-cover__background has-background-dim\"><\/span><div class=\"wp-block-cover__inner-container is-layout-flow wp-block-cover-is-layout-flow\">\n<p class=\"has-text-align-center has-nv-site-bg-color has-text-color has-link-color has-large-font-size wp-elements-adbd9a9601744fbe95e5beb87a01cd70\">QUI SOM<\/p>\n<\/div><\/div>\n\n\n\n<p><\/p>\n\n\n\n<p>Montserrat, en els seus mil anys de tradici\u00f3 mon\u00e0stica i santuari mari\u00e0, sempre ha manifestat un gran inter\u00e8s per a difondre la cultura, la lit\u00fargia i la m\u00fasica.<\/p>\n\n\n\n<p>Avui continuem sentint-nos hereus d\u2019aquesta tradici\u00f3 i les Trobades d\u2019Animadors de Cant per a la lit\u00fargia volen ser un espai des del qual intentem fomentar la participaci\u00f3 activa en les celebracions lit\u00fargiques a trav\u00e9s del cant i de l\u2019animaci\u00f3 de l\u2019assemblea que hi participa.<\/p>\n\n\n\n<p>\u00c9s per aix\u00f2 que, a l\u2019estiu, organitzem diverses trobades de sis dies en els quals, amb treball intens i un horari ple, els participants combinen l\u2019estudi de repertori, les classes de direcci\u00f3, l\u2019assist\u00e8ncia als oficis lit\u00fargics dels monjos, la formaci\u00f3 sobre temes lit\u00fargics, eclesials o musicals, un dia de sortida i d\u2019esbarjo al monestir de les monges de St. Benet i, per a cloure el dia, les cantades a les places on les persones que estiuegen a Montserrat els esperen i s\u2019afegeixen als cants i jocs proposats pels animadors.&nbsp;<\/p>\n\n\n\n<p>Si b\u00e9 els moments forts de les Trobades d\u2019Animadors de Cant per a la lit\u00fargia es desenvolupen durant l\u2019estiu, no podem oblidar les Trobades Generals de tardor, que es van iniciar l\u2019any 1971 i que des de 1984 es realitzen amb continu\u00eftat. Resseguint la nostra geografia, els animadors de cant ens hem anat aplegant en diferents indrets per tal de participar en les seves realitats parroquials. Sempre han estat Trobades on tothom ha volgut donar el millor i on hem trobat, en tot moment, l\u2019estimaci\u00f3 i l\u2019alegria de viure les Trobades d\u2019Animadors de Cant a Montserrat.<\/p>\n\n\n\n<p>El nostre esser no tindria sentit sense la figura del P. Gregori Estada. Quan el Concili Vatic\u00e0 II va afavorir una renovaci\u00f3 lit\u00fargica, a l\u2019any 1970 va iniciar unes \u201cTrobades d\u2019Animadors de Cant per a la lit\u00fargia\u201d. Aquestes Trobades, continuadores d\u2019uns cursos sobre cant gregori\u00e0 i lit\u00fargia que es realitzaven a Montserrat, s\u2019obririen a la participaci\u00f3 de tots els animadors de cant de parla catalana, laics o clergues, homes o dones. La seva finalitat seria la de promoure el cant per a la lit\u00fargia en catal\u00e0 a trav\u00e9s del contacte personal dels animadors responsables i l\u2019estudi dels cants per tal de fer-los arribar amb seguretat al poble.<\/p>\n\n\n\n<p>Les trobades han estat punt de partida de moltes realitats col\u00b7lectives i personals. Han col\u00b7laborat en la formaci\u00f3 de moltes persones que, a les seves parr\u00f2quies i comunitats, dinamitzen els cants i dignifiquen les celebracions. Tot aix\u00f2 ens omple de satisfacci\u00f3 i ens estimula a continuar treballant per una tasca encara molt necess\u00e0ria a l\u2019Esgl\u00e9sia.&nbsp;<\/p>\n\n\n\n<p><\/p>\n","protected":false},"excerpt":{"rendered":"<p>Montserrat, en els seus mil anys de tradici\u00f3 mon\u00e0stica i santuari mari\u00e0, sempre ha manifestat un gran inter\u00e8s per a difondre la cultura, la lit\u00fargia i la m\u00fasica. Avui continuem sentint-nos hereus d\u2019aquesta tradici\u00f3 i les Trobades d\u2019Animadors de Cant per a la lit\u00fargia volen ser un espai des del qual intentem fomentar la participaci\u00f3&hellip;&nbsp;<a href=\"https:\/\/trobadesanimadorsdecant.cat\/cant\/index.php\/qui-som\/\" rel=\"bookmark\">Leer m\u00e1s &raquo;<span class=\"screen-reader-text\"><\/span><\/a><\/p>\n","protected":false},"author":1,"featured_media":192,"parent":0,"menu_order":0,"comment_status":"closed","ping_status":"closed","template":"","meta":{"neve_meta_sidebar":"","neve_meta_container":"","neve_meta_enable_content_width":"","neve_meta_content_width":0,"neve_meta_title_alignment":"","neve_meta_author_avatar":"","neve_post_elements_order":"","neve_meta_disable_header":"","neve_meta_disable_footer":"","neve_meta_disable_title":"","footnotes":""},"class_list":["post-29","page","type-page","status-publish","has-post-thumbnail","hentry"],"yoast_head":"<!-- This site is optimized with the Yoast SEO plugin v25.3 - https:\/\/yoast.com\/wordpress\/plugins\/seo\/ -->\n<title>- TROBADES D&#039; ANIMADORS DE CANT<\/title>\n<meta name=\"robots\" content=\"index, follow, max-snippet:-1, max-image-preview:large, max-video-preview:-1\" \/>\n<link rel=\"canonical\" href=\"https:\/\/trobadesanimadorsdecant.cat\/cant\/index.php\/qui-som\/\" \/>\n<meta property=\"og:locale\" content=\"es_ES\" \/>\n<meta property=\"og:type\" content=\"article\" \/>\n<meta property=\"og:title\" content=\"- TROBADES D&#039; ANIMADORS DE CANT\" \/>\n<meta property=\"og:description\" content=\"Montserrat, en els seus mil anys de tradici\u00f3 mon\u00e0stica i santuari mari\u00e0, sempre ha manifestat un gran inter\u00e8s per a difondre la cultura, la lit\u00fargia i la m\u00fasica. Avui continuem sentint-nos hereus d\u2019aquesta tradici\u00f3 i les Trobades d\u2019Animadors de Cant per a la lit\u00fargia volen ser un espai des del qual intentem fomentar la participaci\u00f3&hellip;&nbsp;Leer m\u00e1s &raquo;\" \/>\n<meta property=\"og:url\" content=\"https:\/\/trobadesanimadorsdecant.cat\/cant\/index.php\/qui-som\/\" \/>\n<meta property=\"og:site_name\" content=\"TROBADES D&#039; ANIMADORS DE CANT\" \/>\n<meta property=\"article:modified_time\" content=\"2025-05-06T22:19:09+00:00\" \/>\n<meta property=\"og:image\" content=\"https:\/\/trobadesanimadorsdecant.cat\/cant\/wp-content\/uploads\/2024\/10\/2.jpg\" \/>\n\t<meta property=\"og:image:width\" content=\"1150\" \/>\n\t<meta property=\"og:image:height\" content=\"370\" \/>\n\t<meta property=\"og:image:type\" content=\"image\/jpeg\" \/>\n<meta name=\"twitter:card\" content=\"summary_large_image\" \/>\n<meta name=\"twitter:label1\" content=\"Tiempo de lectura\" \/>\n\t<meta name=\"twitter:data1\" content=\"2 minutos\" \/>\n<script type=\"application\/ld+json\" class=\"yoast-schema-graph\">{\"@context\":\"https:\/\/schema.org\",\"@graph\":[{\"@type\":\"WebPage\",\"@id\":\"https:\/\/trobadesanimadorsdecant.cat\/cant\/index.php\/qui-som\/\",\"url\":\"https:\/\/trobadesanimadorsdecant.cat\/cant\/index.php\/qui-som\/\",\"name\":\"- TROBADES D&#039; ANIMADORS DE CANT\",\"isPartOf\":{\"@id\":\"https:\/\/trobadesanimadorsdecant.cat\/cant\/#website\"},\"primaryImageOfPage\":{\"@id\":\"https:\/\/trobadesanimadorsdecant.cat\/cant\/index.php\/qui-som\/#primaryimage\"},\"image\":{\"@id\":\"https:\/\/trobadesanimadorsdecant.cat\/cant\/index.php\/qui-som\/#primaryimage\"},\"thumbnailUrl\":\"https:\/\/trobadesanimadorsdecant.cat\/cant\/wp-content\/uploads\/2024\/10\/2.jpg\",\"datePublished\":\"2024-09-24T09:06:14+00:00\",\"dateModified\":\"2025-05-06T22:19:09+00:00\",\"inLanguage\":\"es\",\"potentialAction\":[{\"@type\":\"ReadAction\",\"target\":[\"https:\/\/trobadesanimadorsdecant.cat\/cant\/index.php\/qui-som\/\"]}]},{\"@type\":\"ImageObject\",\"inLanguage\":\"es\",\"@id\":\"https:\/\/trobadesanimadorsdecant.cat\/cant\/index.php\/qui-som\/#primaryimage\",\"url\":\"https:\/\/trobadesanimadorsdecant.cat\/cant\/wp-content\/uploads\/2024\/10\/2.jpg\",\"contentUrl\":\"https:\/\/trobadesanimadorsdecant.cat\/cant\/wp-content\/uploads\/2024\/10\/2.jpg\",\"width\":1150,\"height\":370},{\"@type\":\"WebSite\",\"@id\":\"https:\/\/trobadesanimadorsdecant.cat\/cant\/#website\",\"url\":\"https:\/\/trobadesanimadorsdecant.cat\/cant\/\",\"name\":\"TROBADES D&#039; ANIMADORS DE CANT\",\"description\":\"\",\"potentialAction\":[{\"@type\":\"SearchAction\",\"target\":{\"@type\":\"EntryPoint\",\"urlTemplate\":\"https:\/\/trobadesanimadorsdecant.cat\/cant\/?s={search_term_string}\"},\"query-input\":{\"@type\":\"PropertyValueSpecification\",\"valueRequired\":true,\"valueName\":\"search_term_string\"}}],\"inLanguage\":\"es\"}]}<\/script>\n<!-- \/ Yoast SEO plugin. -->","yoast_head_json":{"title":"- TROBADES D&#039; ANIMADORS DE CANT","robots":{"index":"index","follow":"follow","max-snippet":"max-snippet:-1","max-image-preview":"max-image-preview:large","max-video-preview":"max-video-preview:-1"},"canonical":"https:\/\/trobadesanimadorsdecant.cat\/cant\/index.php\/qui-som\/","og_locale":"es_ES","og_type":"article","og_title":"- TROBADES D&#039; ANIMADORS DE CANT","og_description":"Montserrat, en els seus mil anys de tradici\u00f3 mon\u00e0stica i santuari mari\u00e0, sempre ha manifestat un gran inter\u00e8s per a difondre la cultura, la lit\u00fargia i la m\u00fasica. Avui continuem sentint-nos hereus d\u2019aquesta tradici\u00f3 i les Trobades d\u2019Animadors de Cant per a la lit\u00fargia volen ser un espai des del qual intentem fomentar la participaci\u00f3&hellip;&nbsp;Leer m\u00e1s &raquo;","og_url":"https:\/\/trobadesanimadorsdecant.cat\/cant\/index.php\/qui-som\/","og_site_name":"TROBADES D&#039; ANIMADORS DE CANT","article_modified_time":"2025-05-06T22:19:09+00:00","og_image":[{"width":1150,"height":370,"url":"https:\/\/trobadesanimadorsdecant.cat\/cant\/wp-content\/uploads\/2024\/10\/2.jpg","type":"image\/jpeg"}],"twitter_card":"summary_large_image","twitter_misc":{"Tiempo de lectura":"2 minutos"},"schema":{"@context":"https:\/\/schema.org","@graph":[{"@type":"WebPage","@id":"https:\/\/trobadesanimadorsdecant.cat\/cant\/index.php\/qui-som\/","url":"https:\/\/trobadesanimadorsdecant.cat\/cant\/index.php\/qui-som\/","name":"- TROBADES D&#039; ANIMADORS DE CANT","isPartOf":{"@id":"https:\/\/trobadesanimadorsdecant.cat\/cant\/#website"},"primaryImageOfPage":{"@id":"https:\/\/trobadesanimadorsdecant.cat\/cant\/index.php\/qui-som\/#primaryimage"},"image":{"@id":"https:\/\/trobadesanimadorsdecant.cat\/cant\/index.php\/qui-som\/#primaryimage"},"thumbnailUrl":"https:\/\/trobadesanimadorsdecant.cat\/cant\/wp-content\/uploads\/2024\/10\/2.jpg","datePublished":"2024-09-24T09:06:14+00:00","dateModified":"2025-05-06T22:19:09+00:00","inLanguage":"es","potentialAction":[{"@type":"ReadAction","target":["https:\/\/trobadesanimadorsdecant.cat\/cant\/index.php\/qui-som\/"]}]},{"@type":"ImageObject","inLanguage":"es","@id":"https:\/\/trobadesanimadorsdecant.cat\/cant\/index.php\/qui-som\/#primaryimage","url":"https:\/\/trobadesanimadorsdecant.cat\/cant\/wp-content\/uploads\/2024\/10\/2.jpg","contentUrl":"https:\/\/trobadesanimadorsdecant.cat\/cant\/wp-content\/uploads\/2024\/10\/2.jpg","width":1150,"height":370},{"@type":"WebSite","@id":"https:\/\/trobadesanimadorsdecant.cat\/cant\/#website","url":"https:\/\/trobadesanimadorsdecant.cat\/cant\/","name":"TROBADES D&#039; ANIMADORS DE CANT","description":"","potentialAction":[{"@type":"SearchAction","target":{"@type":"EntryPoint","urlTemplate":"https:\/\/trobadesanimadorsdecant.cat\/cant\/?s={search_term_string}"},"query-input":{"@type":"PropertyValueSpecification","valueRequired":true,"valueName":"search_term_string"}}],"inLanguage":"es"}]}},"_links":{"self":[{"href":"https:\/\/trobadesanimadorsdecant.cat\/cant\/index.php\/wp-json\/wp\/v2\/pages\/29","targetHints":{"allow":["GET"]}}],"collection":[{"href":"https:\/\/trobadesanimadorsdecant.cat\/cant\/index.php\/wp-json\/wp\/v2\/pages"}],"about":[{"href":"https:\/\/trobadesanimadorsdecant.cat\/cant\/index.php\/wp-json\/wp\/v2\/types\/page"}],"author":[{"embeddable":true,"href":"https:\/\/trobadesanimadorsdecant.cat\/cant\/index.php\/wp-json\/wp\/v2\/users\/1"}],"replies":[{"embeddable":true,"href":"https:\/\/trobadesanimadorsdecant.cat\/cant\/index.php\/wp-json\/wp\/v2\/comments?post=29"}],"version-history":[{"count":10,"href":"https:\/\/trobadesanimadorsdecant.cat\/cant\/index.php\/wp-json\/wp\/v2\/pages\/29\/revisions"}],"predecessor-version":[{"id":905,"href":"https:\/\/trobadesanimadorsdecant.cat\/cant\/index.php\/wp-json\/wp\/v2\/pages\/29\/revisions\/905"}],"wp:featuredmedia":[{"embeddable":true,"href":"https:\/\/trobadesanimadorsdecant.cat\/cant\/index.php\/wp-json\/wp\/v2\/media\/192"}],"wp:attachment":[{"href":"https:\/\/trobadesanimadorsdecant.cat\/cant\/index.php\/wp-json\/wp\/v2\/media?parent=29"}],"curies":[{"name":"wp","href":"https:\/\/api.w.org\/{rel}","templated":true}]}}